{"id":1924,"date":"2022-11-02T10:42:05","date_gmt":"2022-11-02T08:42:05","guid":{"rendered":"https:\/\/lanadiniere.ro\/?post_type=product&#038;p=1924"},"modified":"2026-01-02T08:04:45","modified_gmt":"2026-01-02T06:04:45","slug":"banoffee-banane-caramel","status":"publish","type":"product","link":"https:\/\/lanadiniere.ro\/index.php\/product\/banoffee-banane-caramel\/","title":{"rendered":"BANOFFEE &#8211; BANANE &amp; CARAMEL 1,6 KG"},"content":{"rendered":"<p>TORT BANOFFE &#8211; CARAMEL &amp; BANANE<\/p>\n<p>*BLATURI UMEDE DE VANILIE DE MADAGASCAR &amp; MIGDALE<\/p>\n<p>*CREM\u0102 COMBINAT DE VANILIE DE MADAGASCAR , MASCARPONE, BANANE<\/p>\n<p>*STRAT DE BANANE &amp; CARAMEL TOFFEE<\/p>\n<p>*TOP: CREM\u0102 FIN\u0102 DE VANILIE DE MADAGASCAR<\/p>\n<p>&nbsp;<\/p>\n<h4><span><em>Cantitatea standard a fiec\u0103rui tort este de 1.6 kg.<\/em><\/span><\/h4>\n<h4><span><em>Decorul torturilor prezentate are caracter orientativ.<\/em><\/span><\/h4>\n<h4><span><em>A\u0219adar, din&nbsp;punct de vedere cromatic \u0219i al elementelor de decor, pot exista diferen\u021be.<\/em><\/span><\/h4>\n<p>&nbsp;<\/p>\n<p><strong><em>-Comenzile pentru torturi se plaseaz\u0103 cu cel pu\u021bin 48h \u00eenainte de livrare\/ridicare. <\/em><\/strong><\/p>\n<p><strong><em>-Pentru un interval mai scurt, sau comenzi urgente, v\u0103 rug\u0103m s\u0103 ne contacta\u021bi telefonic, la:0738021828. <\/em><\/strong><\/p>\n<p><strong><em>-Pentru comenzi de torturi cu decor personalizat, v\u0103 rug\u0103m s\u0103 plasa\u021bi comanda telefonic, sau whatsapp, la 0738021828, nu pe site.<\/em><\/strong><\/p>\n<p><strong><em>-Pentru decoruri personalizate, costurile sunt calculate \u00een func\u021bie de modelul dorit.<\/em><\/strong><\/p>\n<p><strong><em>-Torturile comandate prin intermediul siteului vor avea un decor standard, care poate combina macarons, flori, fructe, elemente de ciocolat\u0103.&nbsp;<\/em><\/strong><\/p>\n<p><strong><em>-Pentru alergii, v\u0103 rug\u0103m s\u0103 contacta\u021bi echipa noastr\u0103, la 0738-021-828. <\/em><\/strong><\/p>\n<p>&nbsp;<\/p>\n","protected":false},"excerpt":{"rendered":"<p>TORT BANOFFE &#8211; CARAMEL &amp; BANANE *BLATURI UMEDE DE VANILIE DE MADAGASCAR &amp; MIGDALE *CREM\u0102 COMBINAT DE VANILIE DE MADAGASCAR , MASCARPONE, BANANE *STRAT DE BANANE &amp; CARAMEL TOFFEE *TOP: CREM\u0102 FIN\u0102 DE VANILIE DE MADAGASCAR &nbsp; Cantitatea standard a fiec\u0103rui tort este de 1.6 kg. Decorul torturilor prezentate are caracter orientativ. A\u0219adar, din&nbsp;punct de&hellip;<\/p>\n","protected":false},"featured_media":3780,"template":"","meta":[],"product_brand":[],"product_cat":[15],"product_tag":[],"class_list":{"0":"post-1924","1":"product","2":"type-product","3":"status-publish","4":"has-post-thumbnail","6":"product_cat-premium-cakes","7":"description-off","9":"first","10":"instock","11":"taxable","12":"shipping-taxable","13":"purchasable","14":"product-type-simple"},"jetpack_sharing_enabled":true,"_links":{"self":[{"href":"https:\/\/lanadiniere.ro\/index.php\/wp-json\/wp\/v2\/product\/1924","targetHints":{"allow":["GET"]}}],"collection":[{"href":"https:\/\/lanadiniere.ro\/index.php\/wp-json\/wp\/v2\/product"}],"about":[{"href":"https:\/\/lanadiniere.ro\/index.php\/wp-json\/wp\/v2\/types\/product"}],"wp:featuredmedia":[{"embeddable":true,"href":"https:\/\/lanadiniere.ro\/index.php\/wp-json\/wp\/v2\/media\/3780"}],"wp:attachment":[{"href":"https:\/\/lanadiniere.ro\/index.php\/wp-json\/wp\/v2\/media?parent=1924"}],"wp:term":[{"taxonomy":"product_brand","embeddable":true,"href":"https:\/\/lanadiniere.ro\/index.php\/wp-json\/wp\/v2\/product_brand?post=1924"},{"taxonomy":"product_cat","embeddable":true,"href":"https:\/\/lanadiniere.ro\/index.php\/wp-json\/wp\/v2\/product_cat?post=1924"},{"taxonomy":"product_tag","embeddable":true,"href":"https:\/\/lanadiniere.ro\/index.php\/wp-json\/wp\/v2\/product_tag?post=1924"}],"curies":[{"name":"wp","href":"https:\/\/api.w.org\/{rel}","templated":true}]}}