{"id":3471,"date":"2023-11-07T16:30:34","date_gmt":"2023-11-07T14:30:34","guid":{"rendered":"https:\/\/lanadiniere.ro\/?post_type=product&#038;p=3471"},"modified":"2026-01-02T08:02:10","modified_gmt":"2026-01-02T06:02:10","slug":"dobos-lamaie-afine-500g","status":"publish","type":"product","link":"https:\/\/lanadiniere.ro\/index.php\/product\/dobos-lamaie-afine-500g\/","title":{"rendered":"DOBO\u0218 L\u0102M\u00c2IE &amp; AFINE 500g"},"content":{"rendered":"<p><strong>DOBO\u0218 L\u0102M\u00c2IE &amp; AFINE 500g<\/strong><\/p>\n<p>Foi fragede de vanilie de Madagascar<\/p>\n<p>Crem\u0103 delicioas\u0103 de l\u0103m\u00e2ie<\/p>\n<p>Reduc\u021bie acri\u0219oar\u0103 de afine<\/p>\n<p>Glazur\u0103 de ciocolat\u0103 alb\u0103 belgian\u0103<\/p>\n<p>&nbsp;<\/p>\n<p>Acest sortiment este compus din aprox.8-9 foi.<\/p>\n<p>Cantitate:500g<\/p>\n<p><strong><em>*Pentru alergii, v\u0103 rug\u0103m s\u0103 contacta\u021bi echipa noastr\u0103, la 0738-021-828. <\/em><\/strong><\/p>\n","protected":false},"excerpt":{"rendered":"<p>DOBO\u0218 L\u0102M\u00c2IE &amp; AFINE 500g Foi fragede de vanilie de Madagascar Crem\u0103 delicioas\u0103 de l\u0103m\u00e2ie Reduc\u021bie acri\u0219oar\u0103 de afine Glazur\u0103 de ciocolat\u0103 alb\u0103 belgian\u0103 &nbsp; Acest sortiment este compus din aprox.8-9 foi. Cantitate:500g *Pentru alergii, v\u0103 rug\u0103m s\u0103 contacta\u021bi echipa noastr\u0103, la 0738-021-828.<\/p>\n","protected":false},"featured_media":3450,"template":"","meta":[],"product_brand":[],"product_cat":[64],"product_tag":[72,74],"class_list":{"0":"post-3471","1":"product","2":"type-product","3":"status-publish","4":"has-post-thumbnail","6":"product_cat-prajituri-in-foi","7":"product_tag-acrisor","8":"product_tag-fresh","9":"description-off","11":"first","12":"instock","13":"taxable","14":"shipping-taxable","15":"purchasable","16":"product-type-simple"},"jetpack_sharing_enabled":true,"_links":{"self":[{"href":"https:\/\/lanadiniere.ro\/index.php\/wp-json\/wp\/v2\/product\/3471","targetHints":{"allow":["GET"]}}],"collection":[{"href":"https:\/\/lanadiniere.ro\/index.php\/wp-json\/wp\/v2\/product"}],"about":[{"href":"https:\/\/lanadiniere.ro\/index.php\/wp-json\/wp\/v2\/types\/product"}],"wp:featuredmedia":[{"embeddable":true,"href":"https:\/\/lanadiniere.ro\/index.php\/wp-json\/wp\/v2\/media\/3450"}],"wp:attachment":[{"href":"https:\/\/lanadiniere.ro\/index.php\/wp-json\/wp\/v2\/media?parent=3471"}],"wp:term":[{"taxonomy":"product_brand","embeddable":true,"href":"https:\/\/lanadiniere.ro\/index.php\/wp-json\/wp\/v2\/product_brand?post=3471"},{"taxonomy":"product_cat","embeddable":true,"href":"https:\/\/lanadiniere.ro\/index.php\/wp-json\/wp\/v2\/product_cat?post=3471"},{"taxonomy":"product_tag","embeddable":true,"href":"https:\/\/lanadiniere.ro\/index.php\/wp-json\/wp\/v2\/product_tag?post=3471"}],"curies":[{"name":"wp","href":"https:\/\/api.w.org\/{rel}","templated":true}]}}