{"id":3548,"date":"2023-11-07T19:02:16","date_gmt":"2023-11-07T17:02:16","guid":{"rendered":"https:\/\/lanadiniere.ro\/?post_type=product&#038;p=3548"},"modified":"2025-11-28T12:28:27","modified_gmt":"2025-11-28T10:28:27","slug":"krantz-1kg","status":"publish","type":"product","link":"https:\/\/lanadiniere.ro\/index.php\/product\/krantz-1kg\/","title":{"rendered":"KRANTZ 1KG"},"content":{"rendered":"<p><strong>KRANTZ\u00a0<\/strong><\/p>\n<p>Foi de ciocolat\u0103 belgian\u0103<br \/>\nFoi de bezea \u0219i nuc\u0103<br \/>\nCrem\u0103 fin\u0103 praline noisette (alune de p\u0103dure)<br \/>\nCrem\u0103 fin\u0103 de vanilie \u0219i krantz crocant de nuci \u0219i alune<br \/>\n\u00cenveli\u0219 de krantz.<\/p>\n<p><strong>*Pentru a prelungi prospe\u021bimea sa, pr\u0103jitura nu este por\u021bionat\u0103 \u0219i vine sub forma unei singure buc\u0103\u021bi.\u00a0<\/strong><\/p>\n<p><strong><em>*Pentru alergii, v\u0103 rug\u0103m s\u0103 contacta\u021bi echipa noastr\u0103, la 0738-021-828.<\/em><\/strong><\/p>\n<p>Cantitate: 1 kg<\/p>\n","protected":false},"excerpt":{"rendered":"<p>KRANTZ\u00a0 Foi de ciocolat\u0103 belgian\u0103 Foi de bezea \u0219i nuc\u0103 Crem\u0103 fin\u0103 praline noisette (alune de p\u0103dure) Crem\u0103 fin\u0103 de vanilie \u0219i krantz crocant de nuci \u0219i alune \u00cenveli\u0219 de krantz. *Pentru a prelungi prospe\u021bimea sa, pr\u0103jitura nu este por\u021bionat\u0103 \u0219i vine sub forma unei singure buc\u0103\u021bi.\u00a0 *Pentru alergii, v\u0103 rug\u0103m s\u0103 contacta\u021bi echipa noastr\u0103,&hellip;<\/p>\n","protected":false},"featured_media":3425,"template":"","meta":[],"product_brand":[],"product_cat":[99],"product_tag":[],"class_list":{"0":"post-3548","1":"product","2":"type-product","3":"status-publish","4":"has-post-thumbnail","6":"product_cat-prajituri-nadiniere-special","7":"description-off","9":"first","10":"instock","11":"taxable","12":"shipping-taxable","13":"purchasable","14":"product-type-simple"},"jetpack_sharing_enabled":true,"_links":{"self":[{"href":"https:\/\/lanadiniere.ro\/index.php\/wp-json\/wp\/v2\/product\/3548","targetHints":{"allow":["GET"]}}],"collection":[{"href":"https:\/\/lanadiniere.ro\/index.php\/wp-json\/wp\/v2\/product"}],"about":[{"href":"https:\/\/lanadiniere.ro\/index.php\/wp-json\/wp\/v2\/types\/product"}],"wp:featuredmedia":[{"embeddable":true,"href":"https:\/\/lanadiniere.ro\/index.php\/wp-json\/wp\/v2\/media\/3425"}],"wp:attachment":[{"href":"https:\/\/lanadiniere.ro\/index.php\/wp-json\/wp\/v2\/media?parent=3548"}],"wp:term":[{"taxonomy":"product_brand","embeddable":true,"href":"https:\/\/lanadiniere.ro\/index.php\/wp-json\/wp\/v2\/product_brand?post=3548"},{"taxonomy":"product_cat","embeddable":true,"href":"https:\/\/lanadiniere.ro\/index.php\/wp-json\/wp\/v2\/product_cat?post=3548"},{"taxonomy":"product_tag","embeddable":true,"href":"https:\/\/lanadiniere.ro\/index.php\/wp-json\/wp\/v2\/product_tag?post=3548"}],"curies":[{"name":"wp","href":"https:\/\/api.w.org\/{rel}","templated":true}]}}