{"id":3549,"date":"2023-11-07T19:04:01","date_gmt":"2023-11-07T17:04:01","guid":{"rendered":"https:\/\/lanadiniere.ro\/?post_type=product&#038;p=3549"},"modified":"2025-11-28T12:27:56","modified_gmt":"2025-11-28T10:27:56","slug":"dobos-clasic-1kg","status":"publish","type":"product","link":"https:\/\/lanadiniere.ro\/index.php\/product\/dobos-clasic-1kg\/","title":{"rendered":"DOBO\u0218 CLASIC 1kg"},"content":{"rendered":"<p><strong>CLASSIC DOBO\u0218\u00a0<\/strong><\/p>\n<p>Foi pufoase de vanilie,bogate \u00een unt Elle &amp; Vire<\/p>\n<p>Crem\u0103 fin\u0103, aerat\u0103 de ciocolat\u0103 belgian\u0103<\/p>\n<p>Glazur\u0103 de ciocolat\u0103 belgian\u0103 cu lapte.<\/p>\n<p>&nbsp;<\/p>\n<p><strong>*Pentru a prelungi prospe\u021bimea sa, pr\u0103jitura nu este por\u021bionat\u0103 \u0219i vine sub forma unei singure buc\u0103\u021bi.\u00a0<\/strong><\/p>\n<p><strong><em>*Pentru alergii, v\u0103 rug\u0103m s\u0103 contacta\u021bi echipa noastr\u0103, la 0738-021-828.<\/em><\/strong><\/p>\n<p>Cantitate: 1 kg<\/p>\n","protected":false},"excerpt":{"rendered":"<p>CLASSIC DOBO\u0218\u00a0 Foi pufoase de vanilie,bogate \u00een unt Elle &amp; Vire Crem\u0103 fin\u0103, aerat\u0103 de ciocolat\u0103 belgian\u0103 Glazur\u0103 de ciocolat\u0103 belgian\u0103 cu lapte. &nbsp; *Pentru a prelungi prospe\u021bimea sa, pr\u0103jitura nu este por\u021bionat\u0103 \u0219i vine sub forma unei singure buc\u0103\u021bi.\u00a0 *Pentru alergii, v\u0103 rug\u0103m s\u0103 contacta\u021bi echipa noastr\u0103, la 0738-021-828. Cantitate: 1 kg<\/p>\n","protected":false},"featured_media":3436,"template":"","meta":[],"product_brand":[],"product_cat":[99],"product_tag":[66,71],"class_list":{"0":"post-3549","1":"product","2":"type-product","3":"status-publish","4":"has-post-thumbnail","6":"product_cat-prajituri-nadiniere-special","7":"product_tag-bestseller","8":"product_tag-clasic","9":"description-off","11":"first","12":"instock","13":"taxable","14":"shipping-taxable","15":"purchasable","16":"product-type-simple"},"jetpack_sharing_enabled":true,"_links":{"self":[{"href":"https:\/\/lanadiniere.ro\/index.php\/wp-json\/wp\/v2\/product\/3549","targetHints":{"allow":["GET"]}}],"collection":[{"href":"https:\/\/lanadiniere.ro\/index.php\/wp-json\/wp\/v2\/product"}],"about":[{"href":"https:\/\/lanadiniere.ro\/index.php\/wp-json\/wp\/v2\/types\/product"}],"wp:featuredmedia":[{"embeddable":true,"href":"https:\/\/lanadiniere.ro\/index.php\/wp-json\/wp\/v2\/media\/3436"}],"wp:attachment":[{"href":"https:\/\/lanadiniere.ro\/index.php\/wp-json\/wp\/v2\/media?parent=3549"}],"wp:term":[{"taxonomy":"product_brand","embeddable":true,"href":"https:\/\/lanadiniere.ro\/index.php\/wp-json\/wp\/v2\/product_brand?post=3549"},{"taxonomy":"product_cat","embeddable":true,"href":"https:\/\/lanadiniere.ro\/index.php\/wp-json\/wp\/v2\/product_cat?post=3549"},{"taxonomy":"product_tag","embeddable":true,"href":"https:\/\/lanadiniere.ro\/index.php\/wp-json\/wp\/v2\/product_tag?post=3549"}],"curies":[{"name":"wp","href":"https:\/\/api.w.org\/{rel}","templated":true}]}}