{"id":8165,"date":"2025-11-25T20:33:19","date_gmt":"2025-11-25T18:33:19","guid":{"rendered":"https:\/\/lanadiniere.ro\/?post_type=product&#038;p=8165"},"modified":"2026-04-14T07:16:58","modified_gmt":"2026-04-14T05:16:58","slug":"premium-mini-bites-easter-box-1-5-kg","status":"publish","type":"product","link":"https:\/\/lanadiniere.ro\/index.php\/product\/premium-mini-bites-easter-box-1-5-kg\/","title":{"rendered":"PREMIUM MINI BITES EASTER BOX 1.5 KG"},"content":{"rendered":"<h3><strong><em>*Aceasta cutie se poate comanda doar pentru 8,9,10,11 aprilie.&nbsp;<\/em><\/strong><\/h3>\n<p><strong>Ce con\u021bine cutia Mini Bites Easter Box?&nbsp;<\/strong><\/p>\n<p>Mini eclaire cu crem\u0103 de vanilie de Madagascar \u0219i glazur\u0103 de ciocolat\u0103 belgian\u0103<\/p>\n<p>Mini \u00e9claire cu crem\u0103 de praline noisette \u0219i glazur\u0103 noisette<\/p>\n<p>Mini choux cocos \u0219i inser\u021bie de mango<\/p>\n<p>Mini choux fistic \u0219i inser\u021bie de zmeur\u0103<\/p>\n<p>Mini cream puffs zmeur\u0103, inser\u021bie de zmeur\u0103 &amp; glazur\u0103 de ciocolat\u0103 Ruby<\/p>\n<p>Mini cream puff crem\u0103 vanilie de Madagascar \u0219i inser\u021bie de piure de fructul pasiunii<\/p>\n<p>Mini tarte Sabl\u00e9e (realizate \u00een laborator, de la zero), cu crem\u0103 de vanilie de Madagascar, inser\u021bie de fructe de p\u0103dure &amp; fructe proaspete de p\u0103dure<\/p>\n<p>Mini tarte Sabl\u00e9e (realizate \u00een laborator, de la zero), interior de caramel \u0219i arahide, nuc\u0103 pecan caramelizat\u0103<\/p>\n<p>Rulad\u0103 fistic &amp; ciocolat\u0103 belgian\u0103<\/p>\n<p>&nbsp;<\/p>\n<p><strong>Cantitate: 1,5 kg. Recomandat\u0103 pentru 12-15 persoane&nbsp;<\/strong><\/p>\n<p><strong><em>*Pentru alergii, v\u0103 rug\u0103m s\u0103 contacta\u021bi echipa noastr\u0103, la 0738-021-828.<\/em><\/strong><\/p>\n<p>&nbsp;<\/p>\n","protected":false},"excerpt":{"rendered":"<p>*Aceasta cutie se poate comanda doar pentru 8,9,10,11 aprilie.&nbsp; Ce con\u021bine cutia Mini Bites Easter Box?&nbsp; Mini eclaire cu crem\u0103 de vanilie de Madagascar \u0219i glazur\u0103 de ciocolat\u0103 belgian\u0103 Mini \u00e9claire cu crem\u0103 de praline noisette \u0219i glazur\u0103 noisette Mini choux cocos \u0219i inser\u021bie de mango Mini choux fistic \u0219i inser\u021bie de zmeur\u0103 Mini cream&hellip;<\/p>\n","protected":false},"featured_media":8160,"template":"","meta":[],"product_brand":[],"product_cat":[111],"product_tag":[66],"class_list":{"0":"post-8165","1":"product","2":"type-product","3":"status-publish","4":"has-post-thumbnail","6":"product_cat-nadiniere-specialties","7":"product_tag-bestseller","8":"description-off","10":"first","11":"outofstock","12":"taxable","13":"shipping-taxable","14":"purchasable","15":"product-type-simple"},"jetpack_sharing_enabled":true,"_links":{"self":[{"href":"https:\/\/lanadiniere.ro\/index.php\/wp-json\/wp\/v2\/product\/8165","targetHints":{"allow":["GET"]}}],"collection":[{"href":"https:\/\/lanadiniere.ro\/index.php\/wp-json\/wp\/v2\/product"}],"about":[{"href":"https:\/\/lanadiniere.ro\/index.php\/wp-json\/wp\/v2\/types\/product"}],"wp:featuredmedia":[{"embeddable":true,"href":"https:\/\/lanadiniere.ro\/index.php\/wp-json\/wp\/v2\/media\/8160"}],"wp:attachment":[{"href":"https:\/\/lanadiniere.ro\/index.php\/wp-json\/wp\/v2\/media?parent=8165"}],"wp:term":[{"taxonomy":"product_brand","embeddable":true,"href":"https:\/\/lanadiniere.ro\/index.php\/wp-json\/wp\/v2\/product_brand?post=8165"},{"taxonomy":"product_cat","embeddable":true,"href":"https:\/\/lanadiniere.ro\/index.php\/wp-json\/wp\/v2\/product_cat?post=8165"},{"taxonomy":"product_tag","embeddable":true,"href":"https:\/\/lanadiniere.ro\/index.php\/wp-json\/wp\/v2\/product_tag?post=8165"}],"curies":[{"name":"wp","href":"https:\/\/api.w.org\/{rel}","templated":true}]}}