{"id":8166,"date":"2025-11-25T20:35:41","date_gmt":"2025-11-25T18:35:41","guid":{"rendered":"https:\/\/lanadiniere.ro\/?post_type=product&#038;p=8166"},"modified":"2026-03-17T10:35:19","modified_gmt":"2026-03-17T08:35:19","slug":"cremes-box-nadiniere-1-kg","status":"publish","type":"product","link":"https:\/\/lanadiniere.ro\/index.php\/product\/cremes-box-nadiniere-1-kg\/","title":{"rendered":"CREME\u0218 CLASSIC BOX 1.3 KG"},"content":{"rendered":"<p data-start=\"104\" data-end=\"421\">Bucur\u0103-te de fine\u021bea desertului clasic \u00eentr-o prezentare de s\u0103rb\u0103toare. Foi fragede de foietaj realizate cu unt Elle &amp; Vire, crem\u0103 &#8222;fiart\u0103&#8221; de vanilie de Madagascar \u2014 o combina\u021bie simpl\u0103 \u0219i perfect echilibrat\u0103.<\/p>\n<p data-start=\"423\" data-end=\"573\">Ideal\u0103 pentru orice ocazie sau pentru a fi oferit\u0103 cadou celor dragi, cutia de Cremes ne poart\u0103 cu g\u00e2ndul la deserturile copil\u0103riei.<\/p>\n<p data-start=\"423\" data-end=\"573\"><em>Cantitate: 1.3 kg. \u00a0<\/em><\/p>\n<p data-start=\"423\" data-end=\"573\"><em>Recomandat pentru 10 persoane\u00a0<\/em><\/p>\n","protected":false},"excerpt":{"rendered":"<p>Bucur\u0103-te de fine\u021bea desertului clasic \u00eentr-o prezentare de s\u0103rb\u0103toare. Foi fragede de foietaj realizate cu unt Elle &amp; Vire, crem\u0103 &#8222;fiart\u0103&#8221; de vanilie de Madagascar \u2014 o combina\u021bie simpl\u0103 \u0219i perfect echilibrat\u0103. Ideal\u0103 pentru orice ocazie sau pentru a fi oferit\u0103 cadou celor dragi, cutia de Cremes ne poart\u0103 cu g\u00e2ndul la deserturile copil\u0103riei. Cantitate:&hellip;<\/p>\n","protected":false},"featured_media":8137,"template":"","meta":[],"product_brand":[],"product_cat":[111],"product_tag":[],"class_list":{"0":"post-8166","1":"product","2":"type-product","3":"status-publish","4":"has-post-thumbnail","6":"product_cat-nadiniere-specialties","7":"description-off","9":"first","10":"instock","11":"taxable","12":"shipping-taxable","13":"purchasable","14":"product-type-simple"},"jetpack_sharing_enabled":true,"_links":{"self":[{"href":"https:\/\/lanadiniere.ro\/index.php\/wp-json\/wp\/v2\/product\/8166","targetHints":{"allow":["GET"]}}],"collection":[{"href":"https:\/\/lanadiniere.ro\/index.php\/wp-json\/wp\/v2\/product"}],"about":[{"href":"https:\/\/lanadiniere.ro\/index.php\/wp-json\/wp\/v2\/types\/product"}],"wp:featuredmedia":[{"embeddable":true,"href":"https:\/\/lanadiniere.ro\/index.php\/wp-json\/wp\/v2\/media\/8137"}],"wp:attachment":[{"href":"https:\/\/lanadiniere.ro\/index.php\/wp-json\/wp\/v2\/media?parent=8166"}],"wp:term":[{"taxonomy":"product_brand","embeddable":true,"href":"https:\/\/lanadiniere.ro\/index.php\/wp-json\/wp\/v2\/product_brand?post=8166"},{"taxonomy":"product_cat","embeddable":true,"href":"https:\/\/lanadiniere.ro\/index.php\/wp-json\/wp\/v2\/product_cat?post=8166"},{"taxonomy":"product_tag","embeddable":true,"href":"https:\/\/lanadiniere.ro\/index.php\/wp-json\/wp\/v2\/product_tag?post=8166"}],"curies":[{"name":"wp","href":"https:\/\/api.w.org\/{rel}","templated":true}]}}