{"id":8233,"date":"2025-11-29T12:12:06","date_gmt":"2025-11-29T10:12:06","guid":{"rendered":"https:\/\/lanadiniere.ro\/?post_type=product&#038;p=8233"},"modified":"2025-11-29T12:23:52","modified_gmt":"2025-11-29T10:23:52","slug":"albinita-nadiniere","status":"publish","type":"product","link":"https:\/\/lanadiniere.ro\/index.php\/product\/albinita-nadiniere\/","title":{"rendered":"ALBINI\u021aA NADINIERE"},"content":{"rendered":"<p><b>ALBINI\u021aA<\/b><\/p>\n<p>Foi fragede de miere, crem\u0103 clasic\u0103 de albini\u021ba f\u0103cut\u0103 dup\u0103 o re\u021bet\u0103 veche, vanilie de Madagascar, inser\u021bii acri\u0219oare de reduc\u021bie de caise &amp; fructul pasiunii, ganache de ciocolat\u0103 alb\u0103<\/p>\n<p>&nbsp;<\/p>\n<p><strong>*Pentru a prelungi prospe\u021bimea sa, pr\u0103jitura nu este por\u021bionat\u0103 \u0219i vine sub forma unei singure buc\u0103\u021bi.\u00a0<\/strong><\/p>\n<p><strong><em>*Pentru alergii, v\u0103 rug\u0103m s\u0103 contacta\u021bi echipa noastr\u0103, la 0738-021-828.<\/em><\/strong><\/p>\n<p>Cantitate: 1 kg<\/p>\n","protected":false},"excerpt":{"rendered":"<p>ALBINI\u021aA Foi fragede de miere, crem\u0103 clasic\u0103 de albini\u021ba f\u0103cut\u0103 dup\u0103 o re\u021bet\u0103 veche, vanilie de Madagascar, inser\u021bii acri\u0219oare de reduc\u021bie de caise &amp; fructul pasiunii, ganache de ciocolat\u0103 alb\u0103 &nbsp; *Pentru a prelungi prospe\u021bimea sa, pr\u0103jitura nu este por\u021bionat\u0103 \u0219i vine sub forma unei singure buc\u0103\u021bi.\u00a0 *Pentru alergii, v\u0103 rug\u0103m s\u0103 contacta\u021bi echipa noastr\u0103,&hellip;<\/p>\n","protected":false},"featured_media":8225,"template":"","meta":[],"product_brand":[],"product_cat":[99],"product_tag":[66,71],"class_list":{"0":"post-8233","1":"product","2":"type-product","3":"status-publish","4":"has-post-thumbnail","6":"product_cat-prajituri-nadiniere-special","7":"product_tag-bestseller","8":"product_tag-clasic","9":"description-off","11":"first","12":"instock","13":"taxable","14":"shipping-taxable","15":"purchasable","16":"product-type-simple"},"jetpack_sharing_enabled":true,"_links":{"self":[{"href":"https:\/\/lanadiniere.ro\/index.php\/wp-json\/wp\/v2\/product\/8233","targetHints":{"allow":["GET"]}}],"collection":[{"href":"https:\/\/lanadiniere.ro\/index.php\/wp-json\/wp\/v2\/product"}],"about":[{"href":"https:\/\/lanadiniere.ro\/index.php\/wp-json\/wp\/v2\/types\/product"}],"wp:featuredmedia":[{"embeddable":true,"href":"https:\/\/lanadiniere.ro\/index.php\/wp-json\/wp\/v2\/media\/8225"}],"wp:attachment":[{"href":"https:\/\/lanadiniere.ro\/index.php\/wp-json\/wp\/v2\/media?parent=8233"}],"wp:term":[{"taxonomy":"product_brand","embeddable":true,"href":"https:\/\/lanadiniere.ro\/index.php\/wp-json\/wp\/v2\/product_brand?post=8233"},{"taxonomy":"product_cat","embeddable":true,"href":"https:\/\/lanadiniere.ro\/index.php\/wp-json\/wp\/v2\/product_cat?post=8233"},{"taxonomy":"product_tag","embeddable":true,"href":"https:\/\/lanadiniere.ro\/index.php\/wp-json\/wp\/v2\/product_tag?post=8233"}],"curies":[{"name":"wp","href":"https:\/\/api.w.org\/{rel}","templated":true}]}}